2214?
-109520
In base 11, what is 326442128 + 0?
326442128
In base 7, what is -22240143 - 101?
-22240244
In base 8, what is -1212224730 - -2?
-1212224726
In base 13, what is -22 - -4264a2?
426480
In base 5, what is 21101 - 30104432?
-30033331
In base 13, what is 4 - -76c2c?
76c33
In base 12, what is 157 + 653a?
6695
In base 3, what is 1110012201020 - -110?
1110012201200
In base 14, what is 2 - -1087624?
1087626
In base 9, what is 6066 + 40307?
46374
In base 3, what is -1 - 1201201020212?
-1201201020220
In base 13, what is 1419666 - -4?
141966a
In base 12, what is 45 + 14b8?
1541
In base 16, what is 41307 + 73?
4137a
In base 13, what is -5787 - 4605?
-a08c
In base 9, what is -1360 - 11135?
-12505
In base 10, what is -42420960 - 2?
-42420962
In base 7, what is -1342 - -154104?
152432
In base 4, what is 0 - 102102020321?
-102102020321
In base 12, what is 63 + -145273?
-145210
In base 2, what is -111111011100011101010 + 0?
-111111011100011101010
In base 8, what is -1241 + 451552?
450311
In base 3, what is -10 + -10122010002000?
-10122010002010
In base 8, what is -1121407020 - -1?
-1121407017
In base 8, what is -4172 + -26400?
-32572
In base 5, what is 122224 + -124433?
-2204
In base 13, what is -1 + bc4535?
bc4534
In base 4, what is 12 - 32210311022?
-32210311010
In base 12, what is 42049 - -280?
42309
In base 15, what is -26 - -7635?
760e
In base 15, what is -3 + -2827e?
-28282
In base 11, what is -597312a - 33?
-5973162
In base 13, what is -b6 + -239c0?
-23aa6
In base 8, what is -3373 - 13300?
-16673
In base 2, what is 11100011011 + 1000111110?
100101011001
In base 14, what is -592 - -9dd6?
9844
In base 5, what is 3 + -44021021?
-44021013
In base 14, what is -1a62 - -12d4?
-76c
In base 15, what is -4 + 33bc19?
33bc15
In base 3, what is 2001220020212 - -10?
2001220020222
In base 15, what is 50807 + -14?
507e3
In base 6, what is 1210 - 454033?
-452423
In base 14, what is -d - -baac36?
baac27
In base 5, what is -102 + 4011331203?
4011331101
In base 11, what is -10855 - 4861?
-15606
In base 13, what is 81a5 - 4c2?
79b3
In base 16, what is -1a68a - -91?
-1a5f9
In base 10, what is -254657 - 1?
-254658
In base 3, what is -1211011210102 - -2200?
-1211011200202
In base 5, what is -20124021 + -111?
-20124132
In base 7, what is 16 - -265415?
265434
In base 7, what is -13445512 + 311?
-13445201
In base 11, what is -18921365a - 3?
-189213662
In base 3, what is -10120012201100 + -22?
-10120012201122
In base 15, what is -5 + 48459?
48454
In base 16, what is -f8d23 - 3?
-f8d26
In base 10, what is 9 - -1527954?
1527963
In base 9, what is -1224820215 - 4?
-1224820220
In base 14, what is -622d5 - -10?
-622c5
In base 15, what is 18d1e2 + 3a?
18d22c
In base 3, what is 2 + -11200201211212202?
-11200201211212200
In base 10, what is 54526508 - -2?
54526510
In base 14, what is 11403 + -37?
113aa
In base 3, what is -10112021220222112 + -12?
-10112021220222201
In base 14, what is -2b936a5 - -2?
-2b936a3
In base 13, what is 7 - 3724131?
-3724127
In base 14, what is -ba2 + -385?
-1147
In base 16, what is 13b50 + -10c?
13a44
In base 15, what is 56 + 558a8?
5590e
In base 8, what is -1 - 6243474?
-6243475
In base 16, what is -15dd24b + -2?
-15dd24d
In base 12, what is -82554 + -1b?
-82573
In base 16, what is 138d64 + -2?
138d62
In base 15, what is -937 + -21011?
-21948
In base 15, what is 254283 + 7?
25428a
In base 6, what is 132 + -311435232?
-311435100
In base 15, what is 669 - -3513?
3b7c
In base 13, what is -c8 - -424c?
4154
In base 9, what is 48 - 5614?
-5555
In base 16, what is -d119f - d?
-d11ac
In base 3, what is 21100111 + 101102122?
122210010
In base 3, what is 102 - 20221202011110?
-20221202011001
In base 11, what is -135 + 57019?
56994
In base 13, what is 2 + 46a66a?
46a66c
In base 12, what is 336 - -12302?
12638
In base 2, what is 11000110000010001 + -1010100011?
11000100101101110
In base 12, what is -119522a - -12?
-1195218
In base 11, what is 14 + -4a2900?
-4a2897
In base 4, what is -13 - 120222300330?
-120222301003
In base 5, what is -340432124 + -24?
-340432203
In base 12, what is -319bb72 - -95?
-319ba99
In base 8, what is 1110 - -31452?
32562
In base 13, what is 0 - 15b3b9?
-15b3b9
In base 10, what is 35009 + -396?
34613
In base 15, what is -4 - 30c1e1?
-30c1e5
In base 2, what is -111100111111001101011100 + 101?
-111100111111001101010111
In base 9, what is 3 + 3844835?
3844838
In base 7, what is -3 - 433201424?
-433201430
In base 15, what is -1 - 3c16aba?
-3c16abb
In base 7, what is -1 - -22300142?
22300141
In base 5, what is 4 - -33330122041?
33330122100
In base 2, what is 1110110101101110 - -1110?
1110110101111100
In base 10, what is 4339 - -47839?
52178
In base 15, what is -1e0c + 50d?
-18ee
In base 4, what is 3223 - -31332133?
32002022
In base 2, what is 1101111111101011001 - -1010101111?
1110000001000001000
In base 9, what is -54414 - -60880?
5465
In base 10, what is -354815 + 51?
-354764
In base 12, what is 221 - -251a68?
252089
In base 10, what is -12600018 - -11?
-12600007
In base 3, what is 12 + -120020100200022?
-120020100200010
In base 2, what is 1101111000001000 + -11110000010?
1101011010000110
In base 16, what is b4 + 5000?
50b4
In base 7, what is -51 - -1514651?
1514600
In base 12, what is 24870 - 144?
24728
In base 4, what is -220110112122221 + -10?
-220110112122231
In base 7, what is 140 + 1364526?
1364666
In base 8, what is -4 + -2307326?
-2307332
In base 13, what is 91bc + 819?
9a08
In base 3, what is 20002 + -2200200001?
-2200102222
In base 9, what is -232 + -22220?
-22452
In base 5, what is 322412 - -12024?
334441
In base 15, what is -6 - 5715483?
-5715489
In base 2, what is 1101010101011000 - 1100101?
1101010011110011
In base 13, what is -1 - -ba3614?
ba3613
In base 13, what is 3c4 - c70a0?
-c69a9
In base 10, what is -874175394 - 0?
-874175394
In base 16, what is 4 + 35dcbe?
35dcc2
In base 4, what is 3 - 232200310?
-232200301
In base 11, what is -1163 - -3914?
2761
In base 14, what is -b3 - 9bd1d?
-9bdd2
In base 14, what is b3c1c8b - -1?
b3c1c8c
In base 3, what is -2100111011202021 + 0?
-2100111011202021
In base 3, what is 1101021001221012 - 12?
1101021001221000
In base 7, what is 3646 + 121541?
125520
In base 6, what is 10 + 45334025?
45334035
In base 8, what is -305 - -135125?
134620
In base 2, what is -10111101100001100 - -10101110110111?
-10100111101010101
In base 6, what is 1353505543 + 5?
1353505552
In base 6, what is -340022 + 102325?
-233253
In base 3, what is -121012002220212 + -11?
-121012002221000
In base 15, what is -37 - 977520?
-977557
In base 6, what is 530402 + 142?
530544
In base 3, what is -10 - -1000121021100001?
1000121021022221
In base 14, what is -10 - -29d80?
29d70
In base 8, what is -317555 - -105?
-317450
In base 8, what is 44116664 + -36?
44116626
In base 2, what is 1111011110100001101011101 - 1?
1111011110100001101011100
In base 12, what is -3a46 - -634?
-3412
In base 4, what is -20133 - -2320330302?
2320310103
In base 16, what is 0 - -1645d3c?
1645d3c
In base 12, what is 85 + 970a4?
97169
In base 2, what is 1100111110 + 1110011011000101001?
1110011100101100111
In base 6, what is 0 + 2235231132?
2235231132
In base 14, what is 4c1b473 + -4?
4c1b46d
In base 6, what is -2004151 + 2?
-2004145
In base 9, what is -2 - 44412466?
-44412468
In base 13, what is 476 - 90607?
-90161
In base 11, what is 8 - -821a0?
821a8
In base 6, what is -3244415 + -4?
-3244423
In base 13, what is -559 + -ca321?
-ca87a
In base 7, what is 2205344 - -151?
2205525
In base 2, what is 101 - 10111010100011011010?
-10111010100011010101
In base 11, what is -9 - 268aa540?
-268aa549
In base 7, what is -15506606 - 16?
-15506625
In base 3, what is -202222221 + -102?
-210000100
In base 8, what is 545657727 + -2?
545657725
In base 2, what is -10010000 - 100100000001000000010?
-100100000001010010010
In base 8, what is 11542 - 145003?
-133241
In base 6, what is -1404 - 20014324?
-20020132
In base 4, what is 0 + 312232103003?
312232103003
In base 2, what is -1111 + 10010101001000110?
10010101000110111
In base 16, what is -3 - -3fe1abf?
3fe1abc
In base 3, what is -110202021222 - 2?
-110202022001
In base 9, what is -8 - 6118770?
-6118778
In base 11, what is -1878676 + 40?
-1878636
In base 4, what is 102312323231 - -3?
102312323300
In base 8, what is 60